.
27
What is 43 (base 6) in base 4?
123
What is -11010 (base 2) in base 15?
-1b
-2 (base 13) to base 5
-2
-2 (base 9) to base 15
-2
130 (base 4) to base 10
28
What is 168 (base 12) in base 4?
3200
-22 (base 3) to base 13
-8
Convert -28 (base 9) to base 8.
-32
1 (base 12) to base 3
1
What is -14 (base 9) in base 14?
-d
Convert 15 (base 7) to base 12.
10
Convert -1 (base 3) to base 5.
-1
What is -39 (base 15) in base 13?
-42
-11 (base 9) to base 15
-a
Convert -2e (base 16) to base 14.
-34
Convert -11 (base 12) to base 8.
-15
What is 151 (base 7) in base 2?
1010101
What is 1a (base 14) in base 4?
120
-40 (base 5) to base 10
-20
Convert -112 (base 4) to base 12.
-1a
What is 3 (base 11) in base 10?
3
1 (base 10) to base 13
1
What is -203 (base 6) in base 3?
-2210
What is -1 (base 2) in base 4?
-1
What is 0 (base 8) in base 3?
0
Convert -110 (base 2) to base 15.
-6
What is 0 (base 7) in base 6?
0
-8 (base 11) to base 8
-10
What is 7 (base 8) in base 3?
21
What is -110100 (base 2) in base 11?
-48
What is -7 (base 16) in base 14?
-7
Convert 39 (base 10) to base 4.
213
Convert -16 (base 10) to base 16.
-10
5 (base 12) to base 11
5
-1 (base 7) to base 8
-1
What is 1c3 (base 13) in base 5?
2303
Convert -35 (base 12) to base 4.
-221
What is 4 (base 6) in base 10?
4
10110 (base 2) to base 4
112
-20 (base 4) to base 3
-22
133 (base 6) to base 5
212
3 (base 16) to base 8
3
-131 (base 4) to base 10
-29
23 (base 9) to base 3
210
What is -112 (base 6) in base 10?
-44
-12 (base 3) to base 12
-5
Convert 24 (base 12) to base 3.
1001
5 (base 7) to base 11
5
1 (base 5) to base 11
1
17 (base 15) to base 9
24
113 (base 4) to base 11
21
Convert 107 (base 8) to base 2.
1000111
-24 (base 6) to base 13
-13
What is -d5 (base 16) in base 8?
-325
-12 (base 5) to base 9
-7
What is 1 (base 6) in base 13?
1
320 (base 9) to base 4
10011
What is 4 (base 6) in base 9?
4
Convert 8 (base 16) to base 8.
10
Convert -17 (base 13) to base 9.
-22
What is -20 (base 3) in base 12?
-6
Convert 7a (base 14) to base 5.
413
-123 (base 5) to base 14
-2a
Convert -8 (base 9) to base 6.
-12
What is -101 (base 2) in base 10?
-5
Convert -4 (base 10) to base 7.
-4
35 (base 11) to base 4
212
What is 1 (base 6) in base 16?
1
Convert 10 (base 6) to base 12.
6
-35 (base 10) to base 16
-23
What is bc (base 14) in base 13?
ca
What is 23 (base 5) in base 2?
1101
Convert 6 (base 16) to base 6.
10
Convert 20 (base 4) to base 15.
8
34 (base 12) to base 16
28
What is 0 (base 3) in base 9?
0
Convert 6 (base 9) to base 16.
6
Convert 0 (base 4) to base 15.
0
Convert 10 (base 9) to base 3.
100
Convert -2 (base 10) to base 14.
-2
-1 (base 16) to base 14
-1
-21 (base 8) to base 9
-18
What is -1 (base 2) in base 7?
-1
What is 1001 (base 2) in base 8?
11
-1 (base 5) to base 12
-1
Convert 6c (base 14) to base 7.
165
Convert -37 (base 15) to base 11.
-48
-1 (base 3) to base 5
-1
What is -161 (base 9) in base 3?
-12001
-5 (base 11) to base 5
-10
Convert -7 (base 15) to base 10.
-7
-5 (base 15) to base 11
-5
Convert -1 (base 13) to base 12.
-1
What is 11 (base 12) in base 7?
16
Convert -103 (base 11) to base 3.
-11121
-20111 (base 3) to base 15
-ba
What is 10 (base 2) in base 11?
2
-10 (base 3) to base 7
-3
-11 (base 3) to base 9
-4
0 (base 14) to base 15
0
-3 (base 9) to base 2
-11
Convert -7 (base 8) to base 2.
-111
-25 (base 9) to base 3
-212
What is 31 (base 5) in base 6?
24
-7 (base 12) to base 5
-12
What is -104 (base 13) in base 9?
-212
-6 (base 13) to base 9
-6
Convert 1 (base 14) to base 11.
1
Convert -11 (base 4) to base 11.
-5
-20 (base 4) to base 11
-8
What is -5 (base 16) in base 8?
-5
Convert 5 (base 12) to base 15.
5
Convert -35 (base 13) to base 16.
-2c
Convert 327 (base 9) to base 5.
2033
Convert -1 (base 5) to base 6.
-1
-75 (base 14) to base 10
-103
-8 (base 13) to base 12
-8
431 (base 5) to base 8
164
Convert -3 (base 6) to base 16.
-3
What is -126 (base 14) in base 11?
-19a
What is 71 (base 8) in base 7?
111
-40 (base 11) to base 15
-2e
Convert -10 (base 8) to base 2.
-1000
What is 3 (base 12) in base 13?
3
-10 (base 5) to base 14
-5
What is 222 (base 3) in base 14?
1c
What is -4 (base 12) in base 3?
-11
-16 (base 10) to base 4
-100
2 (base 9) to base 4
2
-51 (base 7) to base 15
-26
Convert 20 (base 4) to base 7.
11
What is -7 (base 9) in base 6?
-11
141 (base 6) to base 7
115
Convert 141 (base 6) to base 14.
45
-11 (base 5) to base 7
-6
What is 10 (base 13) in base 3?
111
9 (base 10) to base 4
21
What is 91 (base 13) in base 14?
86
What is -117 (base 10) in base 15?
-7c
-1 (base 12) to base 13
-1
-6 (base 7) to base 12
-6
Convert 300 (base 10) to base 11.
253
Convert 312 (base 6) to base 10.
116
What is 27 (base 16) in base 4?
213
Convert 8 (base 16) to base 5.
13
-13b (base 15) to base 6
-1145
-7a (base 13) to base 15
-6b
What is -44 (base 7) in base 14?
-24
What is -b (base 14) in base 2?
-1011
What is 1 (base 10) in base 2?
1
27 (base 11) to base 2
11101
Convert -24 (base 9) to base 10.
-22
What is -1 (base 2) in base 6?
-1
-a8 (base 14) to base 15
-9d
What is 26 (base 13) in base 5?
112
Convert 64 (base 8) to base 11.
48
1 (base 10) to base 16
1
What is -3 (base 6) in base 10?
-3
-3 (base 14) to base 7
-3
What is 14 (base 11) in base 13?
12
Convert -241 (base 6) to base 5.
-342
-1 (base 13) to base 15
-1
-7 (base 14) to base 5
-12
311 (base 5) to base 16
51
What is 11 (base 8) in base 13?
9
Convert 1 (base 16) to base 2.
1
Convert 1 (base 14) to base 9.
1
Convert -2 (base 15) to base 8.
-2
-5 (base 11) to base 4
-11
Convert 4 (base 9) to base 12.
4
What is -5 (base 14) in base 6?
-5
3 (base 8) to base 6
3
-37 (base 14) to base 13
-3a
What is -20 (base 14) in base 16?
-1c
1 (base 12) to base 5
1
Convert -3 (base 10) to base 6.
-3
-7 (base 12) to base 11
-7
Convert -27 (base 11) to base 2.
-11101
What is -2030 (base 4) in base 5?
-1030
44 (base 9) to base 14
2c
11 (base 4) to base 6
5
-21 (base 10) to base 14
-17
What is 195 (base 13) in base 10?
291
7 (base 15) to base 4
13
Convert -1 (base 12) to base 7.
-1
-1 (base 6) to base 14
-1
2 (base 10) to base 5
2
Convert -10100 (base 3) to base 16.
-5a
Convert -9 (base 13) to base 8.
-11
Convert 14 (base 6) to base 11.
a
Convert a (base 12) to base 16.
a
Convert 4 (base 6) to base 8.
4
Convert -142 (base 9) to base 10.
-119
15 (base 11) to base 4
100
1 (base 2) to base 7
1
Convert 0 (base 13) to base 7.
0
1 (base 11) to base 12
1
Convert -2 (base 5) to base 3.
-2
-23 (base 5) to base 12
-11
Convert -b2 (base 14) to base 8.
-234
What is b (base 16) in base 9?
12
What is 210 (base 4) in base 6?
100
What is -11 (base 9) in base 4?
-22
-44 (base 5) to base 9
-26
Convert 11 (base 8) to base 2.
1001
What is -41 (base 9) in base 16?
-25
What is 12 (base 11) in base 4?
31
3 (base 12) to base 3
10
What is 83 (base 14) in base 12?
97
Convert 20 (base 7) to base 12.
12
-3 (base 8) to base 4
-3
What is 1 (base 6) in base 11?
1
1201 (base 3) to base 11
42
Convert -8 (base 12) to base 11.
-8
-1020 (base 3) to base 13
-27
What is -1 (base 3) in base 16?
-1
What is 1 (base 7) in base 14?
1
What is -216 (base 7) in base 10?
-111
What is 0 (base 3) in base 2?
0
Convert -2000 (base 3) to base 9.
-60
1 (base 12) to base 11
1
0 (base 16) to base 15
0
-2 (base 14) to base 2
-10
-1 (base 2) to base 7
-1
-22 (base 10) to base 9
-24
113 (base 10) to base 6
305
-5 (base 10) to base 9
-5
-20 (base 5) to base 9
-11
7 (base 16) to base 12
7
What is -1 (base 15) in base 10?
-1
0 (base 7) to base 12
0
-184 (base 11) to base 15
-e3
Convert 100 (base 2) to base 4.
10
1101 (base 3) to base 9
41
What is 6 (base 15) in base 12?
6
Convert 20 (base 8) to base 5.
31
Convert -15 (base 14) to base 3.
-201
2 (base 14) to base 16
2
Convert 4 (base 13) to base 11.
4
What is 2 (base 14) in base 11?
2
What is 101 (base 2) in base 3?
12
What is -17 (base 16) in base 7?
-32
Convert 7 (base 11) to base 8.
7
What is 0 (base 16) in base 4?
0
Convert 31 (base 7) to base 16.
16
Convert -100 (base 3) to base 4.
-21
What is -1 (base 4) in base 11?
-1
What is -36 (base 11) in base 16?
-27
100001 (base 2) to base 7
45
Convert 3 (base 13) to base 9.
3
Convert -134 (base 6) to base 10.
-58
What is 50 (base 11) in base 15?
3a
-2031 (base 4) to base 11
-119
What is 3 (base 6) in base 13?
3
-78 (base 10) to bas